*3 - 2*d - 3*d**2 + d + 7*d + 2 - 2*d**3. Let t be h(-4). Is 133 + 3/(9/t) composite?
False
Let p(g) = g**3 + 5*g**2 - g - 3. Let v be p(-5). Suppose 488 = 4*m + 4*f, -v*m + 39 + 240 = -5*f. Is m composite?
False
Let c(i) = 5*i**2 - 10*i + 3. Let u be c(8). Suppose 0 = 4*h - u + 39. Is h a composite number?
True
Let n = 1461 - 1012. Is n a prime number?
True
Let t be 0/(-1 + 1 - 2). Let x = 48 + -22. Suppose t = -f - f + x. Is f a composite number?
False
Let l be 1 + -1 + 1 + 1737. Suppose 623 = -5*y + l. Is y a composite number?
False
Let y = 36 + -11. Is y composite?
True
Suppose 0 = -12*v + 7*v + 995. Is v a composite number?
False
Let v(c) = -9*c**3 + c**2 - 1. Is v(-3) a composite number?
False
Let j(o) = 34*o - 11. Let k be (-12)/18 + 52/6. Let g be j(k). Suppose -4*p + g = -p. Is p a composite number?
True
Let h(s) be the first derivative of s**4/4 - s**3/3 + 3*s**2/2 + 4*s - 2. Is h(3) a composite number?
False
Suppose 6 + 30 = 3*d. Let h(b) be the first derivative of 3*b**2 + 13*b - 4. Is h(d) a prime number?
False
Suppose 0 = 2*p - 2*g - 10, -5*p - 4*g = 18 + 2. Let q be 1*(-1 + p) + 431. Is q/14 - 2/(-7) a composite number?
False
Suppose 0 = 5*m + 1 - 16. Suppose 0 = 4*q + 4*o - 592, m*q + 4*o - 194 = 253. Is q prime?
False
Let i(a) = 4*a - 4. Let z be i(6). Let n = -7 - -2. Let y = z - n. Is y prime?
False
Let l(b) = -b**3 - 7*b**2 - 7*b. Let g = 21 - 33. Let h be -5*(-1)/(10/g). Is l(h) prime?
False
Suppose 30 = 3*t + 2*t. Is (-876)/(-9) - 2/t prime?
True
Suppose 3*q + 366 = 5*a + 90, -5*a = 4*q - 262. Let c = 91 - a. Is c composite?
False
Suppose 6*o - 5*o + 754 = -5*k, o + 4*k + 754 = 0. Let x = o - -1125. Is x prime?
False
Let b(l) = -7 + 12*l - 3*l + 2*l + 3*l. Suppose 2 - 17 = -3*r + 3*t, -5*t = -5. Is b(r) composite?
True
Let g be ((-96)/30)/((-2)/10). Is ((-1364)/g)/(3/(-12)) a composite number?
True
Suppose 0*r - 5*v - 438 = -4*r, 0 = -4*v - 8. Let u = r - 50. Is u prime?
False
Let r(z) = 5*z**2 + 9*z - 9. Let i(o) = -6*o**2 - 10*o + 10. Let q(a) = 4*i(a) + 5*r(a). Let k be q(-6). Suppose 5*f - 9 = k. Is f composite?
False
Is (-14)/35 - (-27351)/15 a prime number?
True
Suppose -2*s - t - 2*t + 20 = 0, 5*s - t - 16 = 0. Suppose -3*l - l + 5*g = -837, 0 = s*l + 2*g - 802. Is l a composite number?
True
Let h be -1 - (2325 - (-2)/(-1)). Is (-7)/(-14)*(2 - h) composite?
False
Let y(s) = 2*s**3 - 6 - s + 15*s - 4*s - s**3 - 10*s**2. Let b be y(9). Suppose -l + b*l - 326 = 0. Is l prime?
True
Suppose -388 = -p - 0*y - 5*y, -5*y - 716 = -2*p. Let v = -133 + p. Is v a prime number?
False
Let x be 4/5*10/4. Suppose -x*v + 2 = -2. Suppose i = 3*i - v, -5*j - 3*i + 578 = 0. Is j prime?
False
Suppose t = -4*t. Suppose 3*l + l + 12 = t. Is (55/(-3))/(l/9) prime?
False
Is (-588)/(-18) + 1/3 composite?
True
Suppose g = -2*g + 6, 3*g + 114 = 5*k. Suppose k = 7*b - 3*b. Is 223/b + 3/(-18) composite?
False
Let w = -1609 - -1096. Let l = w + 219. Let z = -209 - l. Is z a composite number?
True
Suppose 6*m - 13 + 121 = 0. Suppose 0 = z - y + 6*y - 33, 3*y + 9 = z. Is 626/z + (-4)/m composite?
True
Suppose 2*s = 5*p + 432, 3*p = 7*p + 4*s + 340. Let b = p + 137. Is b a prime number?
False
Suppose -n + 3*s + 191 = 0, 2*s = -4*n + 3*s + 808. Is n prime?
False
Suppose 6440 = 5*v + 5*y, 2*y = 3*v - 0*v - 3879. Is v prime?
True
Let j be (4/6)/((-18)/(-297)). Suppose -4*q - j - 19 = 5*s, -4*s = 5*q + 42. Is ((-8)/q)/((-2)/(-55)) prime?
False
Suppose -3*l + 59 = -2*l. Is l a composite number?
False
Let c be -2 + -1 + (-12)/(-2). Let p be -2*(-1)/(-3)*c. Is 99 - -1*4/p composite?
False
Suppose 18 - 8 = -5*c. Is c/(-11) - (-7868)/44 a prime number?
True
Suppose -9*x = -1 - 2114. Is x prime?
False
Let c be ((-6)/(-4))/(2/4). Let h(s) = 2*s + c - 15*s**3 + 2*s**2 - s**2 - 2. Is h(-1) composite?
True
Let o be -25 - 1/((-1)/(-2)). Let d = 101 + o. Suppose -s = s - d. Is s a composite number?
False
Let m be ((-4)/(-3))/((-2)/(-381)). Let z = 387 + m. Is z prime?
True
Suppose 2*d = 4*d - 6. Is d a composite number?
False
Let b(m) = 2*m**3 - 5*m**2 - 5*m - 3. Let d(l) = l**3 + 3*l**2 - l + 2. Let c be d(-3). Is b(c) a composite number?
False
Let j be (-1 - 21)*(-24)/16. Suppose -3*t + 0*t + j = 0. Is t prime?
True
Let b(d) = -d**3 + d + 44. Let a be b(0). Suppose -193 + a = -y. Is y a prime number?
True
Is 3012/6 + (1 - -2) a prime number?
False
Suppose -g = g + 4. Let j be 6/(g/36*-3). Suppose l - 5*k + j = 2*l, -2 = -k. Is l prime?
False
Suppose 125 = z + d + 4*d, 625 = 5*z + d. Let f = z - -24. Is f composite?
False
Let y(h) = 20*h + 1. Suppose -k - 3*k + 20 = 0. Suppose 2*n + 19 - 5 = 4*f, 3*n - k*f + 17 = 0. Is y(n) prime?
False
Suppose 36 = -4*n + c, 2*n + 4*c + 24 = -3*n. Let o be (-2)/n + (-28)/(-16). Is (0 - 22)*(-1)/o prime?
True
Suppose 5*l = 20, -2*q + 2*l - 742 = -3860. Is q a prime number?
False
Let q(u) be the third derivative of u**5/60 - u**4/8 - 7*u**3/6 + 4*u**2. Is q(7) prime?
False
Let d = -561 - -347. Is (3/(-1) - d) + 0 a prime number?
True
Let c be 1 - (3 - 3) - 1. Suppose 0 = -c*n - 3*n + 63. Is n prime?
False
Suppose 0 = 3*q - f - 922, -f + 62 - 370 = -q. Is q prime?
True
Suppose 161 + 414 = 5*g. Is g a composite number?
True
Suppose 0 = -3*d + 3*s + 3181 - 523, -3*d + s + 2664 = 0. Is d prime?
False
Let l(h) = h - 9. Let s be l(8). Let v be -3 - (s + 1 - -2). Let d(r) = r**2 - 3. Is d(v) prime?
False
Let z(q) = 26*q. Let i be z(1). Let v = i - 15. Is v prime?
True
Let m(z) = -z**2 + 5*z. Let t be m(4). Let x(c) = 20*c. Let v be x(1). Suppose -2*q - 46 = -2*l, -t*q = 5*l - 153 + v. Is l composite?
True
Let b(t) = -t**2 - 12*t + 23. Let h(x) = -6*x + 11. Let c(l) = -4*b(l) + 9*h(l). Is c(5) prime?
False
Let q = 4 + -2. Suppose 0 = 2*m - q*t - 12, -5*t + 3*t - 8 = 0. Suppose -192 = -2*p - l - 0*l, -2*p + m*l = -198. Is p composite?
False
Suppose s - 51 = k - 2*k, -5*s + 247 = k. Is s prime?
False
Is 30/20 + (-3334)/(-4) a prime number?
False
Let d(t) = 4*t**2 - t + 7. Is d(-6) prime?
True
Let s = -32 - -50. Suppose -2*m + 2 = -s. Is m composite?
True
Let h(u) = 14*u - 2. Let d be h(3). Suppose -d = -2*i + 2. Suppose -g + i = 2. Is g composite?
False
Suppose 5*b + 187 - 1482 = 0. Let p = 402 - b. Is p a composite number?
True
Let d(g) = -57*g**3 + 2*g - 9. Is d(-4) prime?
True
Let w be ((-2)/(-6))/(1/6). Suppose 116 = w*k - 26. Is k composite?
False
Let a = 686 - 399. Is a a prime number?
False
Let u = -659 + 1410. Is u composite?
False
Suppose -12 = -3*n - 3*c, -3*n - 2*c - 8 = -4*c. Suppose -2*v + n*v = -74. Is v composite?
False
Let v be (-4 + 7 - 5) + 4. Suppose v*k = 36 + 8. Is k composite?
True
Let b(f) = -f - 5. Let h be b(-6). Let g = 3 - h. Suppose g*r - 36 = 14. Is r prime?
False
Let v = -3 - -5. Suppose -4*l - 98 = -2*r, -5*r + v*r + 112 = l. Is r a prime number?
False
Suppose -5*t - 175 = 2*a, -5*a = 3*t + 2*t + 445. Let g = a - -248. Is g a prime number?
False
Let d be -2 + -1 + 1 - 4. Let v(x) = -1 + 0*x + 3*x - x + x**2. Is v(d) composite?
False
Is 1351/11 + 12/66 + 4 a composite number?
False
Let i(q) = -q. Let t(w) = -20*w - 15. Let g(j) = 6*i(j) + t(j). Is g(-6) a composite number?
True
Suppose -2*g + 2685 = 3*a - 292, 5*a - g = 4940. Is a a composite number?
True
Let v(y) = -10*y**3 - 2*y**2 - 2*y - 1. Let s be v(-1). Suppose 14*x = s*x + 4525. Is x a composite number?
True
Suppose x - 114 = -5*x. Is x prime?
True
Let l = 5 - 7. Let c(w) = -145*w + 3. Is c(l) a prime number?
True
Let a be 1/(2/20*2). Suppose a*p - 85 = -5*d, -3*p + 11 + 22 = 2*d. Is (-3)/(d/(-21))*10 a prime number?
False
Let z(h) = -18*h**3 + 3*h**2 + 2*h - 1. Suppose -b + n - 2 = 0, -2*b - 2 = 4*n + 2. Let w be z(b). Suppose 2*j - 3*v = 163, -2*v = -2*j - 3*v + w. Is j prime?
False
Let a be (0 - 1)*(4 + 0). Is 64 + a/(4/(-3)) a composite number?
False
Let w be (-12)/(-16) - 1635/4. Let d = -754 - w. Let s = -143 - d. Is s composite?
True
Suppose m = j - 5*j + 1769, -2*m = j - 444. Let u = -191 + j. Is u a prime number?
True
Let d(p) = 2*p + 797. Is d(0) prime?
True
Suppose 2*v = -z + 36, -v - 5*z + 32 = -z. Let a be ((-10)/(-4) - 1)*10. Suppose -m + v + a = 0. Is m prime?
True
Suppose -2*u = 4*w + u - 315, -2*w + 160 = 2*u. Suppose -21 + 9 = -4*f. Suppose 102 = f*k - w. Is k composite?
False
Suppose -3*n - 24 = -7*n. Let r(k) = -3*k + 5 - 2*k + 